{"id":762,"date":"2021-04-25T20:37:28","date_gmt":"2021-04-25T18:37:28","guid":{"rendered":"https:\/\/beta.drossair.de\/impressum\/"},"modified":"2025-08-06T18:12:49","modified_gmt":"2025-08-06T16:12:49","slug":"impressum","status":"publish","type":"page","link":"https:\/\/dross.net\/air\/rechtliches\/impressum\/","title":{"rendered":"Impressum"},"content":{"rendered":"<div id=\"pl-762\"  class=\"panel-layout\" ><div id=\"pg-762-0\"  class=\"panel-grid panel-no-style\" ><div id=\"pgc-762-0-0\"  class=\"panel-grid-cell\" ><div id=\"panel-762-0-0-0\" class=\"so-panel widget widget_sow-editor panel-first-child panel-last-child\" data-index=\"0\" ><div class=\"panel-widget-style panel-widget-style-for-762-0-0-0\" ><div\n\t\t\t\n\t\t\tclass=\"so-widget-sow-editor so-widget-sow-editor-base\"\n\t\t\t\n\t\t><h3 class=\"widget-title\">\u00dcbersicht<\/h3>\n<div class=\"siteorigin-widget-tinymce textwidget\">\n\t<p><a title=\"Rechtliche Bedingungen\" href=\"https:\/\/dross.net\/air\/rechtliches\/\">Bedingungen<\/a><br \/>\n<a title=\"Widerrufsbelehrung\" href=\"https:\/\/dross.net\/air\/rechtliches\/agb\/#accordion-label-%c2%a712-widerrufsbelehrung\">Widerrufsbelehrung<\/a><br \/>\n<a title=\"Gutschein Versand\" href=\"https:\/\/dross.net\/air\/rechtliches\/agb\/#accordion-label-%c2%a76-versand-von-rundflug-gutscheinen\">Gutschein Versand<\/a><br \/>\n<a title=\"Zahlungsarten\" href=\"https:\/\/dross.net\/air\/rechtliches\/agb\/#accordion-label-%c2%a71-zahlung-kosten\">Zahlungsarten<\/a><br \/>\n<a title=\"Datenschutz\" href=\"https:\/\/dross.net\/air\/rechtliches\/datenschutz\/\">Datenschutz<\/a><br \/>\n<a title=\"Impressum\" href=\"https:\/\/dross.net\/air\/rechtliches\/impressum\/\">Impressum<\/a><br \/>\n<a title=\"Gutscheine\" href=\"https:\/\/dross.net\/air\/rechtliches\/agb\/#accordion-label-%c2%a75-rundflug-gutscheine\">Gutscheine<\/a><br \/>\n<a title=\"Kontakt\" href=\"https:\/\/dross.net\/air\/kontakt\/\">Kontakt<\/a><br \/>\n<a title=\"Allgemeine Gesch\u00e4ftsbedingungen\" href=\"https:\/\/dross.net\/air\/rechtliches\/agb\/\">AGBs<\/a><\/p>\n<\/div>\n<\/div><\/div><\/div><\/div><div id=\"pgc-762-0-1\"  class=\"panel-grid-cell\" ><div class=\"panel-cell-style panel-cell-style-for-762-0-1\" ><div id=\"panel-762-0-1-0\" class=\"so-panel widget widget_sow-editor panel-first-child panel-last-child\" data-index=\"1\" ><div\n\t\t\t\n\t\t\tclass=\"so-widget-sow-editor so-widget-sow-editor-base\"\n\t\t\t\n\t\t>\n<div class=\"siteorigin-widget-tinymce textwidget\">\n\t<h3><a title=\"Dross:Air - Rundfl\u00fcge \u00fcber Rheinhessen und dem Rheingau\" href=\"https:\/\/dross.net\/air\/\">Dross:Air<\/a><\/h3>\n<p><a title=\"Alexander Dross\" href=\"https:\/\/dross.net\/alexander\/\">Alexander Dross<\/a><\/p>\n<p>Email:\u00a0<a title=\"Dross:Air kontaktieren\" href=\"https:\/\/dross.net\/air\/kontakt\/\">mail[at]drossair[dot]de<\/a><\/p>\n<p>USt. IdNr. gem\u00e4\u00df \u00a727a Umsatzsteuergesetz: DE06\/033\/31608<\/p>\n<p><strong>Urheberrecht<\/strong><\/p>\n<p>Die durch die Seitenbetreiber erstellten Inhalte und Werke auf diesen Seiten unterliegen dem deutschen Urheberrecht. Die Vervielf\u00e4ltigung, Bearbeitung, Verbreitung und jede Art der Verwertung au\u00dferhalb der Grenzen des Urheberrechtes bed\u00fcrfen der schriftlichen Zustimmung des jeweiligen Autors bzw. Erstellers. Downloads und Kopien dieser Seite sind nur f\u00fcr den privaten, nicht kommerziellen Gebrauch gestattet. Soweit die Inhalte auf dieser Seite nicht vom Betreiber erstellt wurden, werden die Urheberrechte Dritter beachtet. Insbesondere werden Inhalte Dritter als solche gekennzeichnet. Sollten Sie trotzdem auf eine Urheberrechtsverletzung aufmerksam werden, bitten wir um einen entsprechenden Hinweis. Bei Bekanntwerden von Rechtsverletzungen werden wir derartige Inhalte umgehend entfernen.<\/p>\n<p>Konzepte und Umsetzungen unterliegen dem Copyright von\u00a0<a title=\"Agentur f\u00fcr Webstrategie und Suchmaschinenoptimierung\" href=\"https:\/\/dross.net\/media\/\">Dross:Media<\/a>. Kopieren, auch in abgewandelter Form, ist nur nach vorheriger ausdr\u00fccklicher Einwilligung von Dross:Media zul\u00e4ssig<\/p>\n<p><strong>Haftung f\u00fcr Links<\/strong><\/p>\n<p>Haftungshinweis: Trotz sorgf\u00e4ltiger inhaltlicher Kontrolle \u00fcbernehmen wir keine Haftung f\u00fcr die Inhalte externer Links. F\u00fcr den Inhalt der verlinkten Seiten sind ausschlie\u00dflich die Betreiber verantwortlich.<\/p>\n<p><strong>Haftung f\u00fcr Inhalte<\/strong><\/p>\n<p>Als Diensteanbieter sind wir gem\u00e4\u00df \u00a7 7 Abs.1 TMG f\u00fcr eigene Inhalte auf diesen Seiten nach den allgemeinen Gesetzen verantwortlich. Nach \u00a7\u00a7 8 bis 10 TMG sind wir als Diensteanbieter jedoch nicht verpflichtet, \u00fcbermittelte oder gespeicherte fremde Informationen zu \u00fcberwachen oder nach Umst\u00e4nden zu forschen, die auf eine rechtswidrige T\u00e4tigkeit hinweisen. Verpflichtungen zur Entfernung oder Sperrung der Nutzung von Informationen nach den allgemeinen Gesetzen bleiben hiervon unber\u00fchrt. Eine diesbez\u00fcgliche Haftung ist jedoch erst ab dem Zeitpunkt der Kenntnis einer konkreten Rechtsverletzung m\u00f6glich. Bei Bekanntwerden von entsprechenden Rechtsverletzungen werden wir diese Inhalte umgehend entfernen.<\/p>\n<hr \/>\n<p><strong>Dieses Impressum gilt auch f\u00fcr folgende Social-Media-Auftritte:<\/strong><\/p>\n<div class=\"block-link\">\n<p><strong>Privat<\/strong><\/p>\n<ul>\n<li>Alexander Dross bei Facebook:\u00a0<a title=\"Alexander Dross bei Facebook\" href=\"https:\/\/www.facebook.com\/alexdross\" target=\"_blank\" rel=\"noopener noreferrer\">https:\/\/www.facebook.com\/alexdross<\/a><\/li>\n<li>Alexander Dross bei Twitter:\u00a0<a title=\"Alexander Dross bei Twitter\" href=\"https:\/\/twitter.com\/alexanderdross\" target=\"_blank\" rel=\"noopener noreferrer\">https:\/\/twitter.com\/alexanderdross<\/a><\/li>\n<li>Alexander Dross bei LinkedIn:\u00a0<a title=\"Alexander Dross bei LinkedIn\" href=\"https:\/\/www.linkedin.com\/in\/alexanderdross\" target=\"_blank\" rel=\"noopener noreferrer\">https:\/\/www.linkedin.com\/in\/alexanderdross<\/a><\/li>\n<li>Alexander Dross bei Xing:\u00a0<a title=\"Alexander Dross bei Xing\" href=\"https:\/\/www.xing.com\/profile\/Alexander_Dross2\" target=\"_blank\" rel=\"noopener noreferrer\">https:\/\/www.xing.com\/profile\/Alexander_Dross2<\/a><\/li>\n<li>Alexander Dross bei Instagram:\u00a0<a title=\"Alexander Dross bei Instagram\" href=\"https:\/\/www.instagram.com\/drossair\/\" target=\"_blank\" rel=\"noopener noreferrer\">https:\/\/www.instagram.com\/drossair\/<\/a><\/li>\n<li>Alexander Dross bei YouTube:\u00a0<a title=\"Alexander Dross bei YouTube\" href=\"https:\/\/www.youtube.com\/AlexanderDross\" target=\"_blank\" rel=\"noopener noreferrer\">https:\/\/www.youtube.com\/AlexanderDross<\/a><\/li>\n<li>Alexander Dross bei Pinterest:\u00a0<a title=\"Alexander Dross bei Pinterest\" href=\"https:\/\/www.pinterest.de\/alexanderdross\/\" target=\"_blank\" rel=\"noopener noreferrer\">https:\/\/www.pinterest.de\/alexanderdross\/<\/a><\/li>\n<\/ul>\n<\/div>\n<div class=\"block-link\">\n<p><strong>Dross:Media<\/strong><\/p>\n<ul>\n<li>Dross:Media bei Facebook:\u00a0<a title=\"Dross:Media bei Facebook\" href=\"https:\/\/www.facebook.com\/DrossMedia\" target=\"_blank\" rel=\"noopener noreferrer\">https:\/\/www.facebook.com\/DrossMedia<\/a><\/li>\n<li>Dross:Media bei Twitter:\u00a0<a title=\"Dross:Media bei Twitter\" href=\"https:\/\/twitter.com\/drossmedia\" target=\"_blank\" rel=\"noopener noreferrer\">https:\/\/twitter.com\/drossmedia<\/a><\/li>\n<li>Dross:Media bei LinkedIn:\u00a0<a title=\"Dross:Media bei LinkedIn\" href=\"https:\/\/www.linkedin.com\/company\/dross-media\" target=\"_blank\" rel=\"noopener noreferrer\">https:\/\/www.linkedin.com\/company\/dross-media<\/a><\/li>\n<li>Dross:Media bei Xing:\u00a0<a title=\"Dross:Media bei Xing\" href=\"https:\/\/www.xing.com\/companies\/dross:mediaconsulting\" target=\"_blank\" rel=\"noopener noreferrer\">https:\/\/www.xing.com\/companies\/dross:mediaconsulting<\/a><\/li>\n<li>Dross:Media bei Pinterest:\u00a0<a title=\"Dross:Media bei Pinterest\" href=\"https:\/\/www.pinterest.com\/DrossMedia\/\" target=\"_blank\" rel=\"noopener noreferrer\">https:\/\/www.pinterest.com\/DrossMedia\/<\/a><\/li>\n<li>Dross:Media bei Google Maps:\u00a0<a title=\"Dross:Media bei Google Maps\" href=\"https:\/\/maps.google.com\/maps?cid=7714675599494644803\" target=\"_blank\" rel=\"noopener noreferrer\">https:\/\/maps.google.com\/maps?cid=7714675599494644803<\/a><\/li>\n<\/ul>\n<\/div>\n<div class=\"block-link\">\n<p><strong>Dross:Air &amp; Dross:Aviation<\/strong><\/p>\n<ul>\n<li>Dross:Air bei Facebook:\u00a0<a title=\"Dross:Air bei Facebook\" href=\"https:\/\/www.facebook.com\/drossair\" target=\"_blank\" rel=\"noopener noreferrer\">https:\/\/www.facebook.com\/drossair<\/a><\/li>\n<li>Dross:Air bei Twitter:\u00a0<a title=\"Dross:Air bei Twitter\" href=\"https:\/\/twitter.com\/airdross\" target=\"_blank\" rel=\"noopener noreferrer\">https:\/\/twitter.com\/airdross<\/a><\/li>\n<li>Dross:Air bei Google Maps:\u00a0<a title=\"Dross:Air bei google maps\" href=\"https:\/\/maps.google.com\/maps?cid=14588157908406220609\" target=\"_blank\" rel=\"noopener noreferrer\">https:\/\/maps.google.com\/maps?cid=14588157908406220609<\/a><\/li>\n<li>Dross:Air bei Instagram:\u00a0<a title=\"Dross:Air bei Instagram\" href=\"https:\/\/www.instagram.com\/drossair\/\" target=\"_blank\" rel=\"noopener noreferrer\">https:\/\/www.instagram.com\/drossair\/<\/a><\/li>\n<li>Dross:Air bei YouTube:\u00a0<a title=\"Dross:Air bei YouTube\" href=\"https:\/\/www.youtube.com\/AlexanderDross\" target=\"_blank\" rel=\"noopener noreferrer\">https:\/\/www.youtube.com\/AlexanderDross<\/a><\/li>\n<li>Dross:Air Dross bei Pinterest:\u00a0<a title=\"Alexander Dross bei Pinterest\" href=\"https:\/\/www.pinterest.de\/alexanderdross\/\" target=\"_blank\" rel=\"noopener noreferrer\">https:\/\/www.pinterest.de\/alexanderdross\/<\/a><\/li>\n<\/ul>\n<\/div>\n<p>&nbsp;<\/p>\n<\/div>\n<\/div><\/div><\/div><\/div><\/div><\/div>","protected":false},"excerpt":{"rendered":"<p>Bedingungen Widerrufsbelehrung Gutschein Versand Zahlungsarten Datenschutz Impressum Gutscheine Kontakt AGBs Dross:Air Alexander Dross Email:\u00a0mail[at]drossair[dot]de USt. IdNr. gem\u00e4\u00df \u00a727a Umsatzsteuergesetz: DE06\/033\/31608 Urheberrecht Die durch die Seitenbetreiber erstellten Inhalte und Werke auf diesen Seiten unterliegen dem deutschen Urheberrecht. Die Vervielf\u00e4ltigung, Bearbeitung, Verbreitung und jede Art der Verwertung au\u00dferhalb der Grenzen des Urheberrechtes bed\u00fcrfen der schriftlichen Zustimmung des [&hellip;]<\/p>\n","protected":false},"author":1,"featured_media":979,"parent":766,"menu_order":0,"comment_status":"closed","ping_status":"closed","template":"","meta":{"footnotes":""},"class_list":["post-762","page","type-page","status-publish","has-post-thumbnail","hentry","post"],"_links":{"self":[{"href":"https:\/\/dross.net\/air\/wp-json\/wp\/v2\/pages\/762","targetHints":{"allow":["GET"]}}],"collection":[{"href":"https:\/\/dross.net\/air\/wp-json\/wp\/v2\/pages"}],"about":[{"href":"https:\/\/dross.net\/air\/wp-json\/wp\/v2\/types\/page"}],"author":[{"embeddable":true,"href":"https:\/\/dross.net\/air\/wp-json\/wp\/v2\/users\/1"}],"replies":[{"embeddable":true,"href":"https:\/\/dross.net\/air\/wp-json\/wp\/v2\/comments?post=762"}],"version-history":[{"count":2,"href":"https:\/\/dross.net\/air\/wp-json\/wp\/v2\/pages\/762\/revisions"}],"predecessor-version":[{"id":1503,"href":"https:\/\/dross.net\/air\/wp-json\/wp\/v2\/pages\/762\/revisions\/1503"}],"up":[{"embeddable":true,"href":"https:\/\/dross.net\/air\/wp-json\/wp\/v2\/pages\/766"}],"wp:featuredmedia":[{"embeddable":true,"href":"https:\/\/dross.net\/air\/wp-json\/wp\/v2\/media\/979"}],"wp:attachment":[{"href":"https:\/\/dross.net\/air\/wp-json\/wp\/v2\/media?parent=762"}],"curies":[{"name":"wp","href":"https:\/\/api.w.org\/{rel}","templated":true}]}}