{"id":59,"date":"2021-04-16T15:49:58","date_gmt":"2021-04-16T13:49:58","guid":{"rendered":"https:\/\/beta.drossair.de\/?page_id=59"},"modified":"2025-07-18T11:27:38","modified_gmt":"2025-07-18T09:27:38","slug":"flugzeuge","status":"publish","type":"page","link":"https:\/\/dross.net\/air\/flugzeuge\/","title":{"rendered":"Flugzeugflotte"},"content":{"rendered":"<div id=\"pl-59\"  class=\"panel-layout\" ><div id=\"pg-59-0\"  class=\"panel-grid panel-no-style\" ><div id=\"pgc-59-0-0\"  class=\"panel-grid-cell\" ><div id=\"ultraleichtflugzeug\" class=\"panel-cell-style panel-cell-style-for-59-0-0\" ><div id=\"panel-59-0-0-0\" class=\"so-panel widget widget_sow-image panel-first-child\" data-index=\"0\" ><div\n\t\t\t\n\t\t\tclass=\"so-widget-sow-image so-widget-sow-image-default-8b5b6f678277-59\"\n\t\t\t\n\t\t>\n<div class=\"sow-image-container\">\n\t\t<img \n\tsrc=\"https:\/\/dross.net\/air\/wp-content\/uploads\/2021\/04\/drossair-rundflug-RokoNG6-ultraleicht-flugzeug.jpg\" width=\"980\" height=\"680\" srcset=\"https:\/\/dross.net\/air\/wp-content\/uploads\/2021\/04\/drossair-rundflug-RokoNG6-ultraleicht-flugzeug.jpg 980w, https:\/\/dross.net\/air\/wp-content\/uploads\/2021\/04\/drossair-rundflug-RokoNG6-ultraleicht-flugzeug-300x208.jpg 300w, https:\/\/dross.net\/air\/wp-content\/uploads\/2021\/04\/drossair-rundflug-RokoNG6-ultraleicht-flugzeug-768x533.jpg 768w, https:\/\/dross.net\/air\/wp-content\/uploads\/2021\/04\/drossair-rundflug-RokoNG6-ultraleicht-flugzeug-600x416.jpg 600w\" sizes=\"(max-width: 980px) 100vw, 980px\" title=\"Ultraleichtflugzeug Roko NG6 f\u00fcr einen Gast\" alt=\"Ultraleichtflugzeug Roko NG6 f\u00fcr einen Gast\" \t\tclass=\"so-widget-image\"\/>\n\t<\/div>\n\n<\/div><\/div><div id=\"panel-59-0-0-1\" class=\"so-panel widget widget_text\" data-index=\"1\" >\t\t\t<div class=\"textwidget\"><h2 style=\"font-size: 22px;\">Ultraleichtflugzeug Roko NG6<\/h2>\n<ul>\n<li>1 Pilot und 1 Passagier<\/li>\n<li>Tiefdecker, leicht und agil<\/li>\n<li>Spannweite: 8,12m<\/li>\n<li>ROTAX 912 ULS Motor, 100PS\/ 73,5kW<\/li>\n<li>H\u00f6chstgeschwindigkeit: 243km\/h<\/li>\n<li>Reisegeschwindigkeit: 203km\/h<\/li>\n<li>Leergewicht: 298,4kg<\/li>\n<\/ul>\n<table border=\"0\" width=\"100%\" cellspacing=\"0\" cellpadding=\"0\">\n<tbody>\n<tr>\n<th>Personen<\/th>\n<th>30Min<\/th>\n<th>45Min<\/th>\n<th>60Min<\/th>\n<\/tr>\n<tr>\n<td>1<\/td>\n<td>149\u20ac<\/td>\n<td>199\u20ac<\/td>\n<td>249\u20ac<\/td>\n<\/tr>\n<\/tbody>\n<\/table>\n<p>&nbsp;<\/p>\n<\/div>\n\t\t<\/div><div id=\"panel-59-0-0-2\" class=\"so-panel widget widget_sow-button panel-last-child\" data-index=\"2\" ><div\n\t\t\t\n\t\t\tclass=\"so-widget-sow-button so-widget-sow-button-flat-2c920992a918-59\"\n\t\t\t\n\t\t><div class=\"ow-button-base ow-button-align-justify\"\n style=\"display: block;\">\n\t\t\t<a\n\t\t\t\t\thref=\"https:\/\/dross.net\/air\/rundflug\/\"\n\t\t\t\t\tclass=\"sowb-button ow-icon-placement-top\" title=\"Rundflug Shop von Dross:Air besuchen\" \t>\n\t\t<span>\n\t\t\t\n\t\t\tZUM RUNDFLUG SHOP\t\t<\/span>\n\t\t\t<\/a>\n\t<\/div>\n<\/div><\/div><\/div><\/div><div id=\"pgc-59-0-1\"  class=\"panel-grid-cell\" ><div id=\"motorflugzeug\" class=\"panel-cell-style panel-cell-style-for-59-0-1\" ><div id=\"panel-59-0-1-0\" class=\"so-panel widget widget_sow-image panel-first-child\" data-index=\"3\" ><div\n\t\t\t\n\t\t\tclass=\"so-widget-sow-image so-widget-sow-image-default-8b5b6f678277-59\"\n\t\t\t\n\t\t>\n<div class=\"sow-image-container\">\n\t\t<img \n\tsrc=\"https:\/\/dross.net\/air\/wp-content\/uploads\/2021\/04\/drossair-motorflugzeug-cessna172-rundflug.jpg\" width=\"980\" height=\"680\" srcset=\"https:\/\/dross.net\/air\/wp-content\/uploads\/2021\/04\/drossair-motorflugzeug-cessna172-rundflug.jpg 980w, https:\/\/dross.net\/air\/wp-content\/uploads\/2021\/04\/drossair-motorflugzeug-cessna172-rundflug-300x208.jpg 300w, https:\/\/dross.net\/air\/wp-content\/uploads\/2021\/04\/drossair-motorflugzeug-cessna172-rundflug-768x533.jpg 768w, https:\/\/dross.net\/air\/wp-content\/uploads\/2021\/04\/drossair-motorflugzeug-cessna172-rundflug-600x416.jpg 600w\" sizes=\"(max-width: 980px) 100vw, 980px\" title=\"Motorflugzeug Cessna F172G f\u00fcr bis zu drei G\u00e4ste\" alt=\"Motorflugzeug Cessna F172G f\u00fcr bis zu drei G\u00e4ste\" \t\tclass=\"so-widget-image\"\/>\n\t<\/div>\n\n<\/div><\/div><div id=\"panel-59-0-1-1\" class=\"so-panel widget widget_text\" data-index=\"4\" >\t\t\t<div class=\"textwidget\"><h2 style=\"font-size: 22px;\">Cessna 172 f\u00fcr bis zu 3 G\u00e4ste<\/h2>\n<ul>\n<li>1 Pilot und bis zu 3 Passagiere<\/li>\n<li>Hochdecker, ideal f\u00fcr Fotofl\u00fcge<\/li>\n<li>Spannweite: 10,97m<\/li>\n<li>Continental O-300D, 145PS\/ 106,6kW<\/li>\n<li>H\u00f6chstgeschwindigkeit: 302km\/h<\/li>\n<li>Reisegeschwindigkeit: 226km\/h<\/li>\n<li>Leergewicht: 757kg<\/li>\n<\/ul>\n<table border=\"0\" width=\"100%\" cellspacing=\"0\" cellpadding=\"0\">\n<tbody>\n<tr>\n<th>Personen<\/th>\n<th>30Min<\/th>\n<th>45Min<\/th>\n<th>60Min<\/th>\n<\/tr>\n<tr>\n<td>1<\/td>\n<td>149\u20ac<\/td>\n<td>199\u20ac<\/td>\n<td>259\u20ac<\/td>\n<\/tr>\n<tr>\n<td>2<\/td>\n<td>+60\u20ac<\/td>\n<td>+60\u20ac<\/td>\n<td>+60\u20ac<\/td>\n<\/tr>\n<tr>\n<td>3<\/td>\n<td>+60\u20ac<\/td>\n<td>+60\u20ac<\/td>\n<td>+60\u20ac<\/td>\n<\/tr>\n<\/tbody>\n<\/table>\n<\/div>\n\t\t<\/div><div id=\"panel-59-0-1-2\" class=\"so-panel widget widget_sow-button panel-last-child\" data-index=\"5\" ><div\n\t\t\t\n\t\t\tclass=\"so-widget-sow-button so-widget-sow-button-flat-2c920992a918-59\"\n\t\t\t\n\t\t><div class=\"ow-button-base ow-button-align-justify\"\n style=\"display: block;\">\n\t\t\t<a\n\t\t\t\t\thref=\"https:\/\/www.rundflug-deutschland.com\/standorte\/mainz-finthen\/?drossair\"\n\t\t\t\t\tclass=\"sowb-button ow-icon-placement-top\" target=\"_blank\" rel=\"noopener noreferrer\" title=\"Rundfl\u00fcge mit mehreren Personen? Bitte besuche unsere Partner Webseite\" \t>\n\t\t<span>\n\t\t\t\n\t\t\tZUR PARTNER WEBSITE\t\t<\/span>\n\t\t\t<\/a>\n\t<\/div>\n<\/div><\/div><\/div><\/div><div id=\"pgc-59-0-2\"  class=\"panel-grid-cell\" ><div id=\"tragschrauber\" class=\"panel-cell-style panel-cell-style-for-59-0-2\" ><div id=\"panel-59-0-2-0\" class=\"so-panel widget widget_sow-image panel-first-child\" data-index=\"6\" ><div\n\t\t\t\n\t\t\tclass=\"so-widget-sow-image so-widget-sow-image-default-8b5b6f678277-59\"\n\t\t\t\n\t\t>\n<div class=\"sow-image-container\">\n\t\t<img \n\tsrc=\"https:\/\/dross.net\/air\/wp-content\/uploads\/2021\/04\/drossair-rundflug-MTO-sport-tragschrauber-gyrocopter-autogyro.jpg\" width=\"980\" height=\"680\" srcset=\"https:\/\/dross.net\/air\/wp-content\/uploads\/2021\/04\/drossair-rundflug-MTO-sport-tragschrauber-gyrocopter-autogyro.jpg 980w, https:\/\/dross.net\/air\/wp-content\/uploads\/2021\/04\/drossair-rundflug-MTO-sport-tragschrauber-gyrocopter-autogyro-300x208.jpg 300w, https:\/\/dross.net\/air\/wp-content\/uploads\/2021\/04\/drossair-rundflug-MTO-sport-tragschrauber-gyrocopter-autogyro-768x533.jpg 768w, https:\/\/dross.net\/air\/wp-content\/uploads\/2021\/04\/drossair-rundflug-MTO-sport-tragschrauber-gyrocopter-autogyro-600x416.jpg 600w\" sizes=\"(max-width: 980px) 100vw, 980px\" title=\"Ultraleichtflugzeug Roko NG6 f\u00fcr einen Gast\" alt=\"Ultraleichtflugzeug Roko NG6 f\u00fcr einen Gast\" \t\tclass=\"so-widget-image\"\/>\n\t<\/div>\n\n<\/div><\/div><div id=\"panel-59-0-2-1\" class=\"so-panel widget widget_text\" data-index=\"7\" >\t\t\t<div class=\"textwidget\"><h2 style=\"font-size: 22px;\">Gyrocopter MTO Sport<\/h2>\n<ul>\n<li>1 Pilot und 1 Passagier<\/li>\n<li>vereint Eigenschaften aus \ud83d\udee9 und \ud83d\ude81<\/li>\n<li>Langsamflugeigenschaften<\/li>\n<li>ROTAX 912 ULS Motor, 100PS\/ 73,5kW<\/li>\n<li>H\u00f6chstgeschwindigkeit: 185km\/h<\/li>\n<li>Reisegeschwindigkeit: 160km\/h<\/li>\n<li>Leergewicht: 272kg<\/li>\n<\/ul>\n<table border=\"0\" width=\"100%\" cellspacing=\"0\" cellpadding=\"0\">\n<tbody>\n<tr>\n<th>Personen<\/th>\n<th>30Min<\/th>\n<th>45Min<\/th>\n<th>60Min<\/th>\n<\/tr>\n<tr>\n<td>1<\/td>\n<td>149\u20ac<\/td>\n<td>199\u20ac<\/td>\n<td>259\u20ac<\/td>\n<\/tr>\n<\/tbody>\n<\/table>\n<p>&nbsp;<\/p>\n<\/div>\n\t\t<\/div><div id=\"panel-59-0-2-2\" class=\"so-panel widget widget_sow-button panel-last-child\" data-index=\"8\" ><div\n\t\t\t\n\t\t\tclass=\"so-widget-sow-button so-widget-sow-button-flat-2c920992a918-59\"\n\t\t\t\n\t\t><div class=\"ow-button-base ow-button-align-justify\"\n style=\"display: block;\">\n\t\t\t<a\n\t\t\t\t\thref=\"https:\/\/dross.net\/air\/kontakt\/\"\n\t\t\t\t\tclass=\"sowb-button ow-icon-placement-top\" title=\"Rundfl\u00fcge mit dem Tragschrauber (Gyrocopter)? Bitte sende uns eine unverbindliche Anfrage\" \t>\n\t\t<span>\n\t\t\t\n\t\t\tZUM KONTAKTFORMULAR\t\t<\/span>\n\t\t\t<\/a>\n\t<\/div>\n<\/div><\/div><\/div><\/div><\/div><div id=\"pg-59-1\"  class=\"panel-grid panel-no-style\" ><div id=\"pgc-59-1-0\"  class=\"panel-grid-cell\" ><div id=\"panel-59-1-0-0\" class=\"widget_text so-panel widget widget_custom_html panel-first-child panel-last-child\" data-index=\"9\" ><div class=\"textwidget custom-html-widget\"><hr \/>\n\n<a title=\"Buche einen Rundflug \u00fcber Rheinhessen: Mainz, Worms, Bingen, Alzey, Oppenheim, Nierstein, mit Dross:Air ab Frankfurt Egelsbach Flugplatz (EDFE)\" href=\"https:\/\/dross.net\/air\/rundflug\/rheinhessen-rundflug\/\" aria-label=\"Buche einen Rundflug \u00fcber Rheinhessen: Mainz, Worms, Bingen, Alzey, Oppenheim, Nierstein, mit Dross:Air ab Frankfurt Egelsbach Flugplatz (EDFE)\"><i class=\"fa fa-plane\"><\/i> Rheinhessen Rundflug<\/a><br>\n<a title=\"Buche einen Fotoflug mit Dross:Air, ab Frankfurt Egelsbach Flugplatz (EDFE)\" aria-label=\"Buche uns f\u00fcr einen individuellen Fotoflug \u00fcber deiner Stadt\" href=\"https:\/\/dross.net\/air\/rundflug\/fotoflug\/\"><i class=\"fa fa-plane\"><\/i> Buche einen Fotoflug<\/a><\/div><\/div><\/div><div id=\"pgc-59-1-1\"  class=\"panel-grid-cell\" ><div id=\"panel-59-1-1-0\" class=\"widget_text so-panel widget widget_custom_html panel-first-child panel-last-child\" data-index=\"10\" ><div class=\"textwidget custom-html-widget\"><hr \/>\n\n<a title=\"Lokaler und individueller Rundflug \u00fcber Mainz, Ingelheim und Wiesbaden, ab Frankfurt Egelsbach Flugplatz (EDFE)\" href=\"https:\/\/dross.net\/air\/rundflug\/lokaler-rundflug-mainz\/\" aria-label=\"Lokaler und individueller Rundflug \u00fcber Mainz, Wiesbaden, Ingelheim, Alzey, Bingen, Worms\"><i class=\"fa fa-plane\"><\/i> Individueller lokaler Rundflug<\/a><br>\n<a title=\"Buche einen lokalern Rundflug \u00fcber Frankfurt am Main entlang der Frankfurter Skyline und dem Flughafen Frankfurt, ab Mainz Finthen (EDFZ)\" href=\"https:\/\/dross.net\/air\/rundflug\/rhein-main-rundflug\/\" aria-label=\"Rhein-Main und Frankfurter Skyline Rundflug\"><i class=\"fa fa-plane\"><\/i> Rhein-Main & Skyline Rundflug<\/a><\/div><\/div><\/div><div id=\"pgc-59-1-2\"  class=\"panel-grid-cell\" ><div id=\"panel-59-1-2-0\" class=\"widget_text so-panel widget widget_custom_html panel-first-child panel-last-child\" data-index=\"11\" ><div class=\"textwidget custom-html-widget\"><hr \/>\n\n<a title=\"Buche einen Rundflug \u00fcber dem Rheingau: Eltville, Fl\u00f6rsheim,Geisenheim, Hocheim, Kiedrich, Lorch, Oestrich-Winkel, R\u00fcdesheim, Walluf, Wiesbaden, mit Dross:Air ab Frankfurt Egelsbach Flugplatz (EDFE)\" href=\"https:\/\/dross.net\/air\/rundflug\/rheingau-rundflug\/\" aria-label=\"Rheingau Rundflug: Eltville, Fl\u00f6rsheim,Geisenheim, Hocheim, Kiedrich, Lorch, Oestrich-Winkel, R\u00fcdesheim, Walluf, Wiesbaden\"><i class=\"fa fa-plane\"><\/i> Rheingau Rundflug<\/a><br>\n<a title=\"Buche Dross:Air als Lufttaxi, ab Frankfurt Egelsbach Flugplatz (EDFE)\" href=\"https:\/\/dross.net\/air\/rundflug\/lufttaxi\/\" aria-label=\"schnelles Lufttaxi\"><i class=\"fa fa-plane\"><\/i> Buche uns als Lufttaxi<\/a><\/div><\/div><\/div><\/div><\/div>","protected":false},"excerpt":{"rendered":"<p>Ultraleichtflugzeug Roko NG6 1 Pilot und 1 Passagier Tiefdecker, leicht und agil Spannweite: 8,12m ROTAX 912 ULS Motor, 100PS\/ 73,5kW H\u00f6chstgeschwindigkeit: 243km\/h Reisegeschwindigkeit: 203km\/h Leergewicht: 298,4kg Personen 30Min 45Min 60Min 1 149\u20ac 199\u20ac 249\u20ac &nbsp; Cessna 172 f\u00fcr bis zu 3 G\u00e4ste 1 Pilot und bis zu 3 Passagiere Hochdecker, ideal f\u00fcr Fotofl\u00fcge Spannweite: 10,97m [&hellip;]<\/p>\n","protected":false},"author":1,"featured_media":979,"parent":0,"menu_order":0,"comment_status":"closed","ping_status":"closed","template":"","meta":{"footnotes":""},"class_list":["post-59","page","type-page","status-publish","has-post-thumbnail","hentry","post"],"_links":{"self":[{"href":"https:\/\/dross.net\/air\/wp-json\/wp\/v2\/pages\/59","targetHints":{"allow":["GET"]}}],"collection":[{"href":"https:\/\/dross.net\/air\/wp-json\/wp\/v2\/pages"}],"about":[{"href":"https:\/\/dross.net\/air\/wp-json\/wp\/v2\/types\/page"}],"author":[{"embeddable":true,"href":"https:\/\/dross.net\/air\/wp-json\/wp\/v2\/users\/1"}],"replies":[{"embeddable":true,"href":"https:\/\/dross.net\/air\/wp-json\/wp\/v2\/comments?post=59"}],"version-history":[{"count":6,"href":"https:\/\/dross.net\/air\/wp-json\/wp\/v2\/pages\/59\/revisions"}],"predecessor-version":[{"id":1501,"href":"https:\/\/dross.net\/air\/wp-json\/wp\/v2\/pages\/59\/revisions\/1501"}],"wp:featuredmedia":[{"embeddable":true,"href":"https:\/\/dross.net\/air\/wp-json\/wp\/v2\/media\/979"}],"wp:attachment":[{"href":"https:\/\/dross.net\/air\/wp-json\/wp\/v2\/media?parent=59"}],"curies":[{"name":"wp","href":"https:\/\/api.w.org\/{rel}","templated":true}]}}