{"id":12,"date":"2021-04-16T12:22:09","date_gmt":"2021-04-16T10:22:09","guid":{"rendered":"https:\/\/beta.drossair.de\/?page_id=12"},"modified":"2024-07-03T16:31:33","modified_gmt":"2024-07-03T14:31:33","slug":"rundfluege-ueber-rheinhessen-und-dem-rheingau-drossair","status":"publish","type":"page","link":"https:\/\/dross.net\/air\/","title":{"rendered":"Rundfl\u00fcge \u00fcber Rheinhessen und dem Rheingau &#8211; Dross:Air"},"content":{"rendered":"<div id=\"pl-12\"  class=\"panel-layout\" ><div id=\"pg-12-0\"  class=\"panel-grid panel-has-style\" ><div class=\"siteorigin-panels-stretch panel-row-style panel-row-style-for-12-0\" data-stretch-type=\"full-width-stretch\" ><div id=\"pgc-12-0-0\"  class=\"panel-grid-cell\" ><div id=\"panel-12-0-0-0\" class=\"so-panel widget widget_sow-hero panel-first-child panel-last-child\" data-index=\"0\" ><div\n\t\t\t\n\t\t\tclass=\"so-widget-sow-hero so-widget-sow-hero-default-09be2ccf28ff-12 so-widget-fittext-wrapper\"\n\t\t\t data-fit-text-compressor=\"0.85\"\n\t\t>\t\t\t\t<div class=\"sow-slider-base\" style=\"display: none\" tabindex=\"0\">\n\t\t\t\t\t<ul\n\t\t\t\t\tclass=\"sow-slider-images\"\n\t\t\t\t\tdata-settings=\"{&quot;pagination&quot;:true,&quot;speed&quot;:800,&quot;timeout&quot;:6000,&quot;paused&quot;:true,&quot;pause_on_hover&quot;:false,&quot;swipe&quot;:false,&quot;nav_always_show_desktop&quot;:&quot;&quot;,&quot;nav_always_show_mobile&quot;:&quot;&quot;,&quot;breakpoint&quot;:&quot;780px&quot;,&quot;unmute&quot;:false,&quot;anchor&quot;:null}\"\n\t\t\t\t\tstyle=\"min-height: 600px\"\t\t\t\t\tdata-anchor-id=\"\"\n\t\t\t\t>\t\t<li class=\"sow-slider-image  sow-slider-image-cover\" style=\"visibility: visible;;background-color: #333333\" >\n\t\t\t\t\t<div class=\"sow-slider-image-container\">\n\t\t\t<div class=\"sow-slider-image-wrapper\">\n\t\t\t\t<h1 style=\"text-align: center\"><a title=\"lokale Rundfl\u00fcge \u00fcber Rheinhessen und dem Rheingau durchgef\u00fchrt ab Frankfurt Egelsbach Flugplatz (EDFE)\" href=\"https:\/\/dross.net\/air\/rundflug\/\">Rundfl\u00fcge \u00fcber Rheinhessen und dem Rheingau<\/a><\/h1>\n<div style=\"text-align: center\"><a title=\"runter scrollen, um alle Rundfl\u00fcge zu sehen\" href=\"https:\/\/dross.net\/air\/#flights\"><i class=\"fa fa-angle-double-down fa-2x\"><\/i><\/a><\/div>\t\t\t<\/div>\n\t\t<\/div>\n\t\t<div class=\"sow-slider-image-overlay sow-slider-image-cover\" style=\"opacity: 0.5;background-image: url(https:\/\/dross.net\/air\/wp-content\/uploads\/2021\/05\/drossair-home-2.jpg)\"  ><\/div>\t\t<\/li>\n\t\t<\/ul>\t\t\t\t<ol class=\"sow-slider-pagination\">\n\t\t\t\t\t\t\t\t\t\t\t<li><a href=\"#\" data-goto=\"0\" aria-label=\"Display slide 1\"><\/a><\/li>\n\t\t\t\t\t\t\t\t\t<\/ol>\n\n\t\t\t\t<div class=\"sow-slide-nav sow-slide-nav-next\">\n\t\t\t\t\t<a href=\"#\" data-goto=\"next\" aria-label=\"Next slide\" data-action=\"next\">\n\t\t\t\t\t\t<em class=\"sow-sld-icon-thin-right\"><\/em>\n\t\t\t\t\t<\/a>\n\t\t\t\t<\/div>\n\n\t\t\t\t<div class=\"sow-slide-nav sow-slide-nav-prev\">\n\t\t\t\t\t<a href=\"#\" data-goto=\"previous\" aria-label=\"Previous slide\" data-action=\"prev\">\n\t\t\t\t\t\t<em class=\"sow-sld-icon-thin-left\"><\/em>\n\t\t\t\t\t<\/a>\n\t\t\t\t<\/div>\n\t\t\t\t<\/div><\/div><\/div><\/div><\/div><\/div><div id=\"pg-12-1\"  class=\"panel-grid panel-no-style\" ><div id=\"pgc-12-1-0\"  class=\"panel-grid-cell\" ><div id=\"panel-12-1-0-0\" class=\"so-panel widget widget_text panel-first-child panel-last-child\" data-index=\"1\" >\t\t\t<div class=\"textwidget\"><h2>Rundfl\u00fcge von 1-3 Passagieren \u00fcber Rheinhessen und dem Rheingau von Frankfurt Egelsbach Flugplatz (EDFE) ab 99\u20ac!<\/h2>\n<p>Ob mit dem\u00a0<a title=\"Ultraleichtflugzeug Roko NG06 f\u00fcr einen Gast\" href=\"https:\/\/dross.net\/air\/flugzeuge\/#ultraleichtflugzeug\" aria-label=\"Ultraleichtflugzeug Roko NG06 f\u00fcr einen Gast\">Ultraleichtflugzeug<\/a>\u00a0oder\u00a0<a title=\"Tragschrauber MTO Sport f\u00fcr einen Gast\" href=\"https:\/\/dross.net\/air\/flugzeuge\/#tragschrauber\" aria-label=\"Tragschrauber MTO Sport f\u00fcr einen Gast\">Tragschrauber<\/a>\u00a0f\u00fcr einen Gast, oder mit dem\u00a0<a title=\"Motorflugzeug Cessna F 172G f\u00fcr bis zu drei G\u00e4ste\" href=\"https:\/\/dross.net\/air\/flugzeuge\/#motorflugzeug\" aria-label=\"Motorflugzeug Cessna F 172G f\u00fcr bis zu drei G\u00e4ste\">Motorflugzeug (Cessna 172)<\/a>\u00a0f\u00fcr bis zu drei G\u00e4ste &#8211; wir machen jeden Flug zu einem besonderen Erlebnis!<\/p>\n<p>Rundflug-Gutscheine sind bestens geeignet zu Geburtstagen oder anderen besonderen Anl\u00e4ssen. Diese k\u00f6nnen bequem \u00fcber unseren <a title=\"kosteng\u00fcnstig Rundfl\u00fcge erwerben und an Freunde schenken\" href=\"https:\/\/dross.net\/air\/rundflug\/\">Shop<\/a> erworben werden. Die Rechnung enth\u00e4lt Endpreise inklusive der gesetzlichen Mehrwertsteuer.<\/p>\n<p>Nachfolgend genannte Rundfl\u00fcge sollen lediglich zur Anregung dienen. Wir stimmen die Flugroute jedes Rundflugs individuell ab. Ausschlie\u00dflich Flugzeit, sowie die Anzahl der Passagiere bestimmen bei uns den Preis.<\/p>\n<\/div>\n\t\t<\/div><\/div><\/div><div id=\"pg-12-2\"  class=\"panel-grid panel-has-style\" ><div id=\"flights\" class=\"panel-row-style panel-row-style-for-12-2\" ><div id=\"pgc-12-2-0\"  class=\"panel-grid-cell\" ><div id=\"panel-12-2-0-0\" class=\"so-panel widget widget_sow-image panel-first-child\" data-index=\"2\" ><div\n\t\t\t\n\t\t\tclass=\"so-widget-sow-image so-widget-sow-image-default-8b5b6f678277-12\"\n\t\t\t\n\t\t>\n<div class=\"sow-image-container\">\n\t\t\t<a href=\"https:\/\/dross.net\/air\/rundflug\/rheinhessen-rundflug\/\"\n\t\t\t\t\t>\n\t\t\t<img \n\tsrc=\"https:\/\/dross.net\/air\/wp-content\/uploads\/2021\/04\/rheinhessen-rundflug-drossair-737x495-1.jpg\" width=\"737\" height=\"495\" srcset=\"https:\/\/dross.net\/air\/wp-content\/uploads\/2021\/04\/rheinhessen-rundflug-drossair-737x495-1.jpg 737w, https:\/\/dross.net\/air\/wp-content\/uploads\/2021\/04\/rheinhessen-rundflug-drossair-737x495-1-300x201.jpg 300w, https:\/\/dross.net\/air\/wp-content\/uploads\/2021\/04\/rheinhessen-rundflug-drossair-737x495-1-600x403.jpg 600w\" sizes=\"(max-width: 737px) 100vw, 737px\" title=\"Buche einen Rundflug \u00fcber Rheinhessen: Mainz, Worms, Bingen, Alzey, Bodenheim, Erbes-B\u00fcdesheim, Eich, Eppelsheim, Fl\u00f6rsheim-Dalsheim, Flonheim, Gau-Algesheim, Gimbsheim, Horrweiler, Oppenheim, Ibersheim, Ingelheim, Nackenheim, Nieder-Olm, Ober-Fl\u00f6rsheim, Osthofen, Undenheim, Nierstein, mit Dross:Air ab Frankfurt Egelsbach Flugplatz (EDFE)\" alt=\"Buche einen Rundflug \u00fcber Rheinhessen: Mainz, Worms, Bingen, Alzey, Bodenheim, Erbes-B\u00fcdesheim, Eich, Eppelsheim, Fl\u00f6rsheim-Dalsheim, Flonheim, Gau-Algesheim, Gimbsheim, Horrweiler, Oppenheim, Ibersheim, Ingelheim, Nackenheim, Nieder-Olm, Ober-Fl\u00f6rsheim, Osthofen, Undenheim, Nierstein, mit Dross:Air ab Frankfurt Egelsbach Flugplatz (EDFE)\" \t\tclass=\"so-widget-image\"\/>\n\t\t\t<\/a><\/div>\n\n<\/div><\/div><div id=\"panel-12-2-0-1\" class=\"so-panel widget widget_text panel-last-child\" data-index=\"3\" >\t\t\t<div class=\"textwidget\"><p><strong><a title=\"Buche einen Rundflug \u00fcber Rheinhessen: Mainz, Worms, Bingen, Alzey, Oppenheim, Nierstein, mit Dross:Air ab Frankfurt Egelsbach Flugplatz (EDFE)\" href=\"https:\/\/dross.net\/air\/rundflug\/rheinhessen-rundflug\/\">Rheinhessen Rundflug<\/a><\/strong><\/p>\n<\/div>\n\t\t<\/div><\/div><div id=\"pgc-12-2-1\"  class=\"panel-grid-cell\" ><div id=\"panel-12-2-1-0\" class=\"so-panel widget widget_sow-image panel-first-child\" data-index=\"4\" ><div\n\t\t\t\n\t\t\tclass=\"so-widget-sow-image so-widget-sow-image-default-8b5b6f678277-12\"\n\t\t\t\n\t\t>\n<div class=\"sow-image-container\">\n\t\t\t<a href=\"https:\/\/dross.net\/air\/rundflug\/lokaler-rundflug-mainz\/\"\n\t\t\t\t\t>\n\t\t\t<img \n\tsrc=\"https:\/\/dross.net\/air\/wp-content\/uploads\/2021\/04\/drossair-lokaler-rundflug-mainz-wiesbaden-ingelheim-737x495-1.jpg\" width=\"737\" height=\"495\" srcset=\"https:\/\/dross.net\/air\/wp-content\/uploads\/2021\/04\/drossair-lokaler-rundflug-mainz-wiesbaden-ingelheim-737x495-1.jpg 737w, https:\/\/dross.net\/air\/wp-content\/uploads\/2021\/04\/drossair-lokaler-rundflug-mainz-wiesbaden-ingelheim-737x495-1-300x201.jpg 300w, https:\/\/dross.net\/air\/wp-content\/uploads\/2021\/04\/drossair-lokaler-rundflug-mainz-wiesbaden-ingelheim-737x495-1-600x403.jpg 600w\" sizes=\"(max-width: 737px) 100vw, 737px\" title=\"Buche einen lokalen Rundflug \u00fcber Mainz, Ingelheim und Wiesbaden, mit Dross:Air ab Frankfurt Egelsbach Flugplatz (EDFE)\" alt=\"Buche einen lokalen Rundflug \u00fcber Mainz, Ingelheim und Wiesbaden, mit Dross:Air ab Frankfurt Egelsbach Flugplatz (EDFE)\" \t\tclass=\"so-widget-image\"\/>\n\t\t\t<\/a><\/div>\n\n<\/div><\/div><div id=\"panel-12-2-1-1\" class=\"so-panel widget widget_text panel-last-child\" data-index=\"5\" >\t\t\t<div class=\"textwidget\"><p><strong><a title=\"Buche einen lokalen Rundflug \u00fcber Mainz, Ingelheim und Wiesbaden, mit Dross:Air ab Frankfurt Egelsbach Flugplatz (EDFE)\" href=\"https:\/\/dross.net\/air\/rundflug\/lokaler-rundflug-mainz\/\">Lokaler Rundflug Mainz<\/a><\/strong><\/p>\n<\/div>\n\t\t<\/div><\/div><div id=\"pgc-12-2-2\"  class=\"panel-grid-cell\" ><div id=\"panel-12-2-2-0\" class=\"so-panel widget widget_sow-image panel-first-child\" data-index=\"6\" ><div\n\t\t\t\n\t\t\tclass=\"so-widget-sow-image so-widget-sow-image-default-8b5b6f678277-12\"\n\t\t\t\n\t\t>\n<div class=\"sow-image-container\">\n\t\t\t<a href=\"https:\/\/dross.net\/air\/rundflug\/rheingau-rundflug\/\"\n\t\t\t\t\t>\n\t\t\t<img \n\tsrc=\"https:\/\/dross.net\/air\/wp-content\/uploads\/2021\/04\/drossair-rheinhau-rundflug-737x495-1.jpg\" width=\"737\" height=\"495\" srcset=\"https:\/\/dross.net\/air\/wp-content\/uploads\/2021\/04\/drossair-rheinhau-rundflug-737x495-1.jpg 737w, https:\/\/dross.net\/air\/wp-content\/uploads\/2021\/04\/drossair-rheinhau-rundflug-737x495-1-300x201.jpg 300w, https:\/\/dross.net\/air\/wp-content\/uploads\/2021\/04\/drossair-rheinhau-rundflug-737x495-1-600x403.jpg 600w\" sizes=\"(max-width: 737px) 100vw, 737px\" title=\"Buche einen Rundflug \u00fcber dem Rheingau: Eltville, Felsberg Fl\u00f6rsheim, Geisenheim, Hochheim, Kiedrich, Lorch, Lorchhausen, Oestrich-Winkel, R\u00fcdesheim, Walluf, Wiesbaden, mit Dross:Air ab Frankfurt Egelsbach Flugplatz (EDFE)\" alt=\"Buche einen Rundflug \u00fcber dem Rheingau: Eltville, Felsberg Fl\u00f6rsheim, Geisenheim, Hochheim, Kiedrich, Lorch, Lorchhausen, Oestrich-Winkel, R\u00fcdesheim, Walluf, Wiesbaden, mit Dross:Air ab Frankfurt Egelsbach Flugplatz (EDFE)\" \t\tclass=\"so-widget-image\"\/>\n\t\t\t<\/a><\/div>\n\n<\/div><\/div><div id=\"panel-12-2-2-1\" class=\"so-panel widget widget_text panel-last-child\" data-index=\"7\" >\t\t\t<div class=\"textwidget\"><p><strong><a title=\"Buche einen Rundflug \u00fcber dem Rheingau: Eltville, Felsberg Fl\u00f6rsheim, Geisenheim, Hochheim, Kiedrich, Lorch, Lorchhausen, Oestrich-Winkel, R\u00fcdesheim, Walluf, Wiesbaden, mit Dross:Air ab Frankfurt Egelsbach Flugplatz (EDFE)\" href=\"https:\/\/dross.net\/air\/rundflug\/rheingau-rundflug\/\">Rheingau Rundflug<\/a><\/strong><\/p>\n<\/div>\n\t\t<\/div><\/div><\/div><\/div><div id=\"pg-12-3\"  class=\"panel-grid panel-no-style\" ><div id=\"pgc-12-3-0\"  class=\"panel-grid-cell\" ><div id=\"panel-12-3-0-0\" class=\"so-panel widget widget_sow-image panel-first-child\" data-index=\"8\" ><div\n\t\t\t\n\t\t\tclass=\"so-widget-sow-image so-widget-sow-image-default-8b5b6f678277-12\"\n\t\t\t\n\t\t>\n<div class=\"sow-image-container\">\n\t\t\t<a href=\"https:\/\/dross.net\/air\/rundflug\/fotoflug\/\"\n\t\t\t\t\t>\n\t\t\t<img \n\tsrc=\"https:\/\/dross.net\/air\/wp-content\/uploads\/2021\/04\/drossair-fotoflug-737x495-1.jpg\" width=\"737\" height=\"495\" srcset=\"https:\/\/dross.net\/air\/wp-content\/uploads\/2021\/04\/drossair-fotoflug-737x495-1.jpg 737w, https:\/\/dross.net\/air\/wp-content\/uploads\/2021\/04\/drossair-fotoflug-737x495-1-300x201.jpg 300w, https:\/\/dross.net\/air\/wp-content\/uploads\/2021\/04\/drossair-fotoflug-737x495-1-600x403.jpg 600w\" sizes=\"(max-width: 737px) 100vw, 737px\" title=\"Buche einen Fotoflug mit Dross:Air, ab Frankfurt Egelsbach Flugplatz (EDFE)\" alt=\"Buche einen Fotoflug mit Dross:Air, ab Frankfurt Egelsbach Flugplatz (EDFE)\" \t\tclass=\"so-widget-image\"\/>\n\t\t\t<\/a><\/div>\n\n<\/div><\/div><div id=\"panel-12-3-0-1\" class=\"so-panel widget widget_text panel-last-child\" data-index=\"9\" >\t\t\t<div class=\"textwidget\"><p><strong><a title=\"Buche einen Fotoflug mit Dross:Air, ab Frankfurt Egelsbach Flugplatz (EDFE)\" href=\"https:\/\/dross.net\/air\/rundflug\/fotoflug\/\">Fotoflug<\/a><\/strong><\/p>\n<\/div>\n\t\t<\/div><\/div><div id=\"pgc-12-3-1\"  class=\"panel-grid-cell\" ><div id=\"panel-12-3-1-0\" class=\"so-panel widget widget_sow-image panel-first-child\" data-index=\"10\" ><div\n\t\t\t\n\t\t\tclass=\"so-widget-sow-image so-widget-sow-image-default-8b5b6f678277-12\"\n\t\t\t\n\t\t>\n<div class=\"sow-image-container\">\n\t\t\t<a href=\"https:\/\/dross.net\/air\/rundflug\/frankfurt-main-rundflug\/\"\n\t\t\t\t\t>\n\t\t\t<img \n\tsrc=\"https:\/\/dross.net\/air\/wp-content\/uploads\/2021\/04\/drossair-rhein-main-rundflug-737x495-1.jpg\" width=\"737\" height=\"495\" srcset=\"https:\/\/dross.net\/air\/wp-content\/uploads\/2021\/04\/drossair-rhein-main-rundflug-737x495-1.jpg 737w, https:\/\/dross.net\/air\/wp-content\/uploads\/2021\/04\/drossair-rhein-main-rundflug-737x495-1-300x201.jpg 300w, https:\/\/dross.net\/air\/wp-content\/uploads\/2021\/04\/drossair-rhein-main-rundflug-737x495-1-600x403.jpg 600w\" sizes=\"(max-width: 737px) 100vw, 737px\" title=\"Buche einen Rundflug, den Rhein\/ Main entlang, mit Dross:Air ab Frankfurt Egelsbach Flugplatz (EDFE)\" alt=\"Buche einen Rundflug, den Rhein\/ Main entlang, mit Dross:Air ab Frankfurt Egelsbach Flugplatz (EDFE)\" \t\tclass=\"so-widget-image\"\/>\n\t\t\t<\/a><\/div>\n\n<\/div><\/div><div id=\"panel-12-3-1-1\" class=\"so-panel widget widget_text panel-last-child\" data-index=\"11\" >\t\t\t<div class=\"textwidget\"><p><strong><a title=\"Buche einen Rundflug um Frankfurt herum, oder den Rhein\/ Main entlang, mit Dross:Air ab Frankfurt Egelsbach Flugplatz (EDFE)\" href=\"https:\/\/dross.net\/air\/rundflug\/frankfurt-main-rundflug\/\">Frankfurt Main Rundflug<\/a><\/strong><\/p>\n<\/div>\n\t\t<\/div><\/div><div id=\"pgc-12-3-2\"  class=\"panel-grid-cell\" ><div id=\"panel-12-3-2-0\" class=\"so-panel widget widget_sow-image panel-first-child\" data-index=\"12\" ><div\n\t\t\t\n\t\t\tclass=\"so-widget-sow-image so-widget-sow-image-default-8b5b6f678277-12\"\n\t\t\t\n\t\t>\n<div class=\"sow-image-container\">\n\t\t\t<a href=\"https:\/\/dross.net\/air\/rundflug\/lufttaxi\/\"\n\t\t\t\t\t>\n\t\t\t<img \n\tsrc=\"https:\/\/dross.net\/air\/wp-content\/uploads\/2021\/04\/drossair-schnelles-lufttaxi-taxiflug-737x495-1.jpg\" width=\"737\" height=\"495\" srcset=\"https:\/\/dross.net\/air\/wp-content\/uploads\/2021\/04\/drossair-schnelles-lufttaxi-taxiflug-737x495-1.jpg 737w, https:\/\/dross.net\/air\/wp-content\/uploads\/2021\/04\/drossair-schnelles-lufttaxi-taxiflug-737x495-1-300x201.jpg 300w, https:\/\/dross.net\/air\/wp-content\/uploads\/2021\/04\/drossair-schnelles-lufttaxi-taxiflug-737x495-1-600x403.jpg 600w\" sizes=\"(max-width: 737px) 100vw, 737px\" title=\"Buche Dross:Air als Lufttaxi, ab Frankfurt Egelsbach Flugplatz (EDFE)\" alt=\"Buche Dross:Air als Lufttaxi, ab Frankfurt Egelsbach Flugplatz (EDFE)\" \t\tclass=\"so-widget-image\"\/>\n\t\t\t<\/a><\/div>\n\n<\/div><\/div><div id=\"panel-12-3-2-1\" class=\"so-panel widget widget_text panel-last-child\" data-index=\"13\" >\t\t\t<div class=\"textwidget\"><p><strong><a title=\"Buche Dross:Air als schnelles und g\u00fcnstiges Lufttaxi, ab Frankfurt Egelsbach Flugplatz (EDFE)\" href=\"https:\/\/dross.net\/air\/rundflug\/lufttaxi\/\">Schnelles Lufttaxi<\/a><\/strong><\/p>\n<\/div>\n\t\t<\/div><\/div><\/div><div id=\"pg-12-4\"  class=\"panel-grid panel-no-style\" ><div id=\"pgc-12-4-0\"  class=\"panel-grid-cell\" ><div id=\"panel-12-4-0-0\" class=\"widget_text so-panel widget widget_custom_html panel-first-child panel-last-child\" data-index=\"14\" ><div class=\"textwidget custom-html-widget\"><hr \/>\n\n<a title=\"Buche einen Rundflug \u00fcber Rheinhessen: Mainz, Worms, Bingen, Alzey, Oppenheim, Nierstein, mit Dross:Air ab Frankfurt Egelsbach Flugplatz (EDFE)\" href=\"https:\/\/dross.net\/air\/rundflug\/rheinhessen-rundflug\/\" aria-label=\"Buche einen Rundflug \u00fcber Rheinhessen: Mainz, Worms, Bingen, Alzey, Oppenheim, Nierstein, mit Dross:Air ab Frankfurt Egelsbach Flugplatz (EDFE)\"><i class=\"fa fa-plane\"><\/i> Rheinhessen Rundflug<\/a><br>\n<a title=\"Buche einen Fotoflug mit Dross:Air, ab Frankfurt Egelsbach Flugplatz (EDFE)\" aria-label=\"Buche uns f\u00fcr einen individuellen Fotoflug \u00fcber deiner Stadt\" href=\"https:\/\/dross.net\/air\/rundflug\/fotoflug\/\"><i class=\"fa fa-plane\"><\/i> Buche einen Fotoflug<\/a><\/div><\/div><\/div><div id=\"pgc-12-4-1\"  class=\"panel-grid-cell\" ><div id=\"panel-12-4-1-0\" class=\"widget_text so-panel widget widget_custom_html panel-first-child panel-last-child\" data-index=\"15\" ><div class=\"textwidget custom-html-widget\"><hr \/>\n\n<a title=\"Lokaler und individueller Rundflug \u00fcber Mainz, Ingelheim und Wiesbaden, ab Frankfurt Egelsbach Flugplatz (EDFE)\" href=\"https:\/\/dross.net\/air\/rundflug\/frankfurt-main-rundflug\/\" aria-label=\"Lokaler und individueller Rundflug \u00fcber Mainz, Wiesbaden, Ingelheim, Alzey, Bingen, Worms\"><i class=\"fa fa-plane\"><\/i> Individueller lokaler Rundflug<\/a><br>\n<a title=\"Buche einen lokalern Rundflug \u00fcber Frankfurt am Main entlang der Frankfurter Skyline und dem Flughafen Frankfurt, ab Mainz Finthen (EDFZ)\" href=\"https:\/\/dross.net\/air\/rundflug\/frankfurt-main-rundflug\/\" aria-label=\"Rhein-Main und Frankfurter Skyline Rundflug\"><i class=\"fa fa-plane\"><\/i> Rhein-Main & Skyline Rundflug<\/a><\/div><\/div><\/div><div id=\"pgc-12-4-2\"  class=\"panel-grid-cell\" ><div id=\"panel-12-4-2-0\" class=\"widget_text so-panel widget widget_custom_html panel-first-child panel-last-child\" data-index=\"16\" ><div class=\"textwidget custom-html-widget\"><hr \/>\n\n<a title=\"Buche einen Rundflug \u00fcber dem Rheingau: Eltville, Fl\u00f6rsheim,Geisenheim, Hocheim, Kiedrich, Lorch, Oestrich-Winkel, R\u00fcdesheim, Walluf, Wiesbaden, mit Dross:Air ab Frankfurt Egelsbach Flugplatz (EDFE)\" href=\"https:\/\/dross.net\/air\/rundflug\/rheingau-rundflug\/\" aria-label=\"Rheingau Rundflug: Eltville, Fl\u00f6rsheim,Geisenheim, Hocheim, Kiedrich, Lorch, Oestrich-Winkel, R\u00fcdesheim, Walluf, Wiesbaden\"><i class=\"fa fa-plane\"><\/i> Rheingau Rundflug<\/a><br>\n<a title=\"Buche Dross:Air als Lufttaxi, ab Frankfurt Egelsbach Flugplatz (EDFE)\" href=\"https:\/\/dross.net\/air\/rundflug\/lufttaxi\/\" aria-label=\"schnelles Lufttaxi\"><i class=\"fa fa-plane\"><\/i> Buche uns als Lufttaxi<\/a><\/div><\/div><\/div><\/div><\/div>","protected":false},"excerpt":{"rendered":"<p>Rundfl\u00fcge von 1-3 Passagieren \u00fcber Rheinhessen und dem Rheingau von Frankfurt Egelsbach Flugplatz (EDFE) ab 99\u20ac! Ob mit dem\u00a0Ultraleichtflugzeug\u00a0oder\u00a0Tragschrauber\u00a0f\u00fcr einen Gast, oder mit dem\u00a0Motorflugzeug (Cessna 172)\u00a0f\u00fcr bis zu drei G\u00e4ste &#8211; wir machen jeden Flug zu einem besonderen Erlebnis! Rundflug-Gutscheine sind bestens geeignet zu Geburtstagen oder anderen besonderen Anl\u00e4ssen. Diese k\u00f6nnen bequem \u00fcber unseren Shop [&hellip;]<\/p>\n","protected":false},"author":1,"featured_media":979,"parent":0,"menu_order":0,"comment_status":"closed","ping_status":"closed","template":"","meta":{"footnotes":""},"class_list":["post-12","page","type-page","status-publish","has-post-thumbnail","hentry","post"],"_links":{"self":[{"href":"https:\/\/dross.net\/air\/wp-json\/wp\/v2\/pages\/12","targetHints":{"allow":["GET"]}}],"collection":[{"href":"https:\/\/dross.net\/air\/wp-json\/wp\/v2\/pages"}],"about":[{"href":"https:\/\/dross.net\/air\/wp-json\/wp\/v2\/types\/page"}],"author":[{"embeddable":true,"href":"https:\/\/dross.net\/air\/wp-json\/wp\/v2\/users\/1"}],"replies":[{"embeddable":true,"href":"https:\/\/dross.net\/air\/wp-json\/wp\/v2\/comments?post=12"}],"version-history":[{"count":5,"href":"https:\/\/dross.net\/air\/wp-json\/wp\/v2\/pages\/12\/revisions"}],"predecessor-version":[{"id":1474,"href":"https:\/\/dross.net\/air\/wp-json\/wp\/v2\/pages\/12\/revisions\/1474"}],"wp:featuredmedia":[{"embeddable":true,"href":"https:\/\/dross.net\/air\/wp-json\/wp\/v2\/media\/979"}],"wp:attachment":[{"href":"https:\/\/dross.net\/air\/wp-json\/wp\/v2\/media?parent=12"}],"curies":[{"name":"wp","href":"https:\/\/api.w.org\/{rel}","templated":true}]}}